ctor of 24062 and 5500022?
106
Calculate the greatest common divisor of 4311024 and 159088.
2608
What is the highest common divisor of 3794688 and 5124?
732
Calculate the greatest common divisor of 800 and 311050.
50
Calculate the highest common divisor of 10261874 and 2744.
686
What is the greatest common divisor of 76383 and 151823?
943
Calculate the greatest common factor of 9000 and 22250.
250
What is the greatest common divisor of 92532 and 464574?
66
What is the highest common factor of 2373636 and 960?
12
Calculate the highest common factor of 2314270 and 1690.
10
Calculate the highest common divisor of 4794 and 6348196.
94
Calculate the highest common factor of 66873786 and 7434.
2478
Calculate the highest common factor of 81158 and 7154994.
2618
What is the greatest common divisor of 203 and 1425988?
29
Calculate the highest common factor of 12907420 and 200.
20
Calculate the greatest common factor of 959577 and 200099.
499
What is the highest common divisor of 6501523 and 852100?
8521
Calculate the highest common divisor of 3543089 and 221.
17
What is the greatest common divisor of 30223347 and 693?
231
What is the highest common divisor of 25205 and 12290?
5
What is the highest common factor of 51401450 and 50?
50
What is the highest common factor of 152215182 and 21?
21
What is the highest common divisor of 5256553 and 1139?
17
What is the highest common divisor of 131857690 and 10?
10
What is the greatest common factor of 600 and 529768?
8
Calculate the greatest common divisor of 3545178 and 48048.
546
Calculate the highest common divisor of 18886890 and 68370.
1290
Calculate the highest common divisor of 65394 and 631715382.
9342
Calculate the highest common divisor of 344 and 99691630.
86
Calculate the greatest common factor of 16374150 and 12440.
3110
What is the greatest common divisor of 186 and 32524022?
62
Calculate the greatest common factor of 81313 and 258.
43
Calculate the highest common factor of 42063 and 9681.
21
What is the highest common divisor of 29016 and 734400?
72
Calculate the highest common factor of 1988 and 46029158.
994
Calculate the highest common divisor of 5967 and 21394503.
351
Calculate the greatest common divisor of 2560741436 and 878.
878
What is the highest common factor of 1243 and 5171897?
113
Calculate the greatest common divisor of 276048 and 745632.
432
What is the greatest common factor of 84255 and 11685?
615
What is the greatest common divisor of 17335375 and 125?
125
What is the greatest common divisor of 26964646 and 10518?
3506
Calculate the highest common factor of 30 and 664626380.
10
What is the highest common factor of 4992791 and 1349?
71
What is the highest common divisor of 1416 and 486632?
472
What is the highest common divisor of 526248 and 2169?
9
Calculate the greatest common divisor of 18071 and 75497.
17
What is the highest common factor of 146118 and 34834394?
686
Calculate the greatest common divisor of 365072850 and 495.
45
Calculate the greatest common divisor of 9 and 2070801387.
9
What is the highest common factor of 910704 and 60?
12
What is the greatest common divisor of 17 and 33367039?
17
What is the highest common factor of 69220016 and 224?
16
What is the highest common factor of 987 and 60311763?
141
Calculate the greatest common divisor of 1574038664 and 44.
44
What is the highest common factor of 77649 and 109819578?
5973
Calculate the greatest common divisor of 1229493423 and 6339.
6339
What is the highest common factor of 35708 and 516660?
316
Calculate the highest common factor of 21470 and 612256.
38
What is the highest common factor of 1969 and 153428418?
1969
What is the greatest common divisor of 9073891 and 69?
23
Calculate the greatest common divisor of 1612 and 1030471.
403
What is the highest common factor of 110 and 4874970?
10
Calculate the greatest common factor of 8 and 323818812.
4
Calculate the highest common divisor of 828 and 2181708.
36
Calculate the highest common factor of 513166 and 1562516.
1354
What is the highest common divisor of 138 and 44039802?
138
What is the highest common factor of 109393 and 5181503?
139
What is the highest common divisor of 22266031 and 13228?
3307
Calculate the highest common divisor of 17168414 and 48922.
802
What is the highest common divisor of 1184 and 5927968?
32
Calculate the highest common divisor of 28204455 and 3135.
285
What is the greatest common divisor of 131468 and 61292668?
5716
What is the highest common factor of 1456402608 and 144?
144
What is the greatest common divisor of 55087 and 1767?
31
What is the greatest common factor of 49905037 and 169?
13
What is the greatest common divisor of 333558 and 8662?
142
What is the highest common divisor of 432 and 24092112?
48
What is the highest common factor of 3888 and 241496640?
1296
What is the greatest common divisor of 432451 and 8634443?
4859
Calculate the greatest common divisor of 134331207 and 843.
843
What is the highest common divisor of 1606085 and 923?
13
Calculate the greatest common divisor of 118503070 and 5488.
686
What is the highest common factor of 11475 and 530655?
255
Calculate the greatest common divisor of 112085 and 211439.
29
Calculate the greatest common factor of 52 and 826616.
4
Calculate the highest common divisor of 1806 and 19921083.
903
Calculate the greatest common factor of 713 and 396924.
31
What is the greatest common divisor of 25885076 and 4716?
524
Calculate the greatest common factor of 4624776 and 576.
72
Calculate the highest common divisor of 2222 and 308148071.
1111
Calculate the highest common divisor of 7827 and 30590525.
2609
What is the greatest common divisor of 3919231 and 2788?
697
What is the highest common divisor of 630 and 3919300?
70
Calculate the greatest common factor of 277616 and 116528.
16
What is the highest common divisor of 51678 and 706806?
162
What is the greatest common divisor of 13293909 and 287268?
1941
What is the greatest common factor of 31100 and 8123942?
622
What is the highest common divisor of 20659963 and 281?
281
Calculate the highest common divisor of 106 and 274114304.
106
Calculate the highest common divisor of 6093955 and 1544837.
7763
Calculate the highest common factor of 46713 and 12863.
677
Calculate the greatest common divisor of 275 and 1639600.
25
Calculate the greatest common factor of 253 and 16317191.
11
What is the greatest common divisor of 47112705 and 73350?
7335
What is the greatest common divisor of 342 and 43346676?
114
Calculate the highest common factor of 2862 and 1499317.
53
Calculate the greatest common factor of 6850 and 2361058.
274
What is the highest common divisor of 44253 and 45147?
447
What is the highest common factor of 4446 and 18968118?
1482
What is the greatest common divisor of 1719561 and 499449?
687
Calculate the greatest common divisor of 98406420 and 56580.
1380
What is the greatest common divisor of 17 and 32178161?
17
Calculate the greatest common factor of 46679814 and 27.
27
What is the greatest common divisor of 523412 and 55309?
1349
Calculate the highest common factor of 13097304 and 3960.
792
What is the highest common factor of 3666 and 10226542?
94
Calculate the highest common factor of 20435520 and 364.
28
What is the greatest common divisor of 18182727 and 1446?
723
What is the greatest common factor of 17674954 and 121?
121
What is the highest common divisor of 201929 and 321867?
91
What is the greatest common factor of 637113 and 14151?
159
What is the highest common factor of 215468 and 55444?
332
Calculate the greatest common factor of 94233 and 325928.
311
Calculate the greatest common factor of 8537122 and 352.
22
What is the greatest common divisor of 60242 and 28886?
26
What is the highest common divisor of 72619083 and 26811?
2979
What is the greatest common factor of 2907 and 64951101?
2907
Calculate the highest common factor of 63627879 and 6183.
687
Calculate the highest common divisor of 2051 and 397793501.
2051
What is the highest common divisor of 2407920 and 889?
127
What is the highest common divisor of 122901557 and 1957?
1957
Calculate the greatest common factor of 79879975 and 35.
35
Calculate the greatest common divisor of 5151 and 15806702.
1717
Calculate the greatest common divisor of 58